{"id":1029,"date":"2014-06-24T16:23:47","date_gmt":"2014-06-24T07:23:47","guid":{"rendered":"http:\/\/wp.dhs-saikai.com\/?page_id=1029"},"modified":"2020-06-19T13:44:15","modified_gmt":"2020-06-19T04:44:15","slug":"%e3%81%8a%e5%95%8f%e5%90%88%e3%81%9b%ef%bc%86%e4%bd%8f%e6%89%80%e5%a4%89%e6%9b%b4","status":"publish","type":"page","link":"https:\/\/dhs-saikai.com\/?page_id=1029","title":{"rendered":"\u304a\u554f\u5408\u305b\uff06\u4f4f\u6240\u5909\u66f4"},"content":{"rendered":"<p>\u4f4f\u6240\u30fb\u9023\u7d61\u5148\u30fb\u82d7\u5b57\u306a\u3069\u304c\u5909\u66f4\u306b\u306a\u3063\u305f\u5834\u5408\u3001\u4ee5\u4e0b\u3088\u308a\u5165\u529b\u30d5\u30a9\u30fc\u30e0\u306b\u304a\u5165\u308a\u4e0b\u3055\u3044\u3002<\/p>\n<p>\u3010\u6ce8\u610f\u4e8b\u9805\u3011<br \/>\n\u25cb\u5f53\u4f1a\u306f\u3001\u540c\u7a93\u751f\u306e\u500b\u4eba\u60c5\u5831\u306b\u304a\u304d\u307e\u3057\u3066\u500b\u4eba\u60c5\u5831\u4fdd\u8b77\u6cd5\u306e\u8da3\u65e8\u3092\u5c0a\u91cd\u3057\u305f\u4e0a\u3067\u3001\u500b\u4eba\u60c5\u5831\u306e\u4fdd\u8b77\u3092\u9075\u5b88\u3057\u3066\u304a\u308a\u307e\u3059\u3002<br \/>\n\u25cb\u5f53\u4f1a\u306f\u3001\u540c\u7a93\u751f\u306e\u500b\u4eba\u60c5\u5831\u306b\u3064\u3044\u3066\u306f\u3001\u3054\u6848\u5185\u306e\u5229\u7528\u76ee\u7684\u3067\u4f7f\u7528\u3057\u3001\u4ed6\u306e\u76ee\u7684\u306b\u306f\u4f7f\u7528\u3044\u305f\u3057\u307e\u305b\u3093\u3002<br \/>\n\u25cb\u5f53\u4f1a\u306f\u3001\u6cd5\u4ee4\u7b49\u306b\u5b9a\u3081\u308b\u5834\u5408\u3092\u9664\u304d\u3001\u540c\u7a93\u751f\u60c5\u5831\u3092\u3054\u672c\u4eba\u306e\u540c\u610f\u3092\u5f97\u308b\u3053\u3068\u306a\u304f\u7b2c\u4e09\u8005\u306b\u63d0\u4f9b\u81f4\u3057\u307e\u305b\u3093\u3002<br \/>\n\u25cb\u5bb0\u4f1a\u4f1a\u54e1\u4ee5\u5916\u306e\u65b9\u306e\u5229\u7528\u306f\u3054\u9060\u616e\u4e0b\u3055\u3044\u3002<br \/>\n\u25cb\u5165\u529b\u3055\u308c\u308b\u969b\u306f\u3001\u5168\u5fc5\u9808\u5165\u529b\u3067\u3059\u3002\u5fc5\u305a\u6c0f\u540d\u30fbE-MAIL\u30a2\u30c9\u30ec\u30b9\u30fb\u6027\u5225\u30fb\u5e74\u9f62\u30fb\u5352\u696d\u671f\u30fb\u30b3\u30e1\u30f3\u30c8\u3092\u304a\u66f8\u304d\u4e0b\u3055\u3044\u3002<\/p>\n\n<div class=\"wpcf7 no-js\" id=\"wpcf7-f22-o1\" lang=\"ja\" dir=\"ltr\" data-wpcf7-id=\"22\">\n<div class=\"screen-reader-response\"><p role=\"status\" aria-live=\"polite\" aria-atomic=\"true\"><\/p> <ul><\/ul><\/div>\n<script type=\"text\/javascript\" charset=\"UTF-8\" src=\"https:\/\/zipaddr.github.io\/zipaddrx.js?v=1.42\"><\/script><script defer src=\"data:text\/javascript;base64,ZnVuY3Rpb24gemlwYWRkcl9vd25iKCl7WlAuZGxpPSctJztaUC53cD0nMSc7WlAudXZlcj0nNTk2MzQuNzgxOTcuNzI2OTgnO1pQLnN5c2lkPSdDb250YWN0Rm9ybTcnO30=\"><\/script><script type=\"text\/javascript\" charset=\"UTF-8\" src=\"https:\/\/zipaddr.github.io\/contactform7.js\"><\/script><form action=\"\/index.php?rest_route=%2Fwp%2Fv2%2Fpages%2F1029#wpcf7-f22-o1\" method=\"post\" class=\"wpcf7-form init\" aria-label=\"\u30b3\u30f3\u30bf\u30af\u30c8\u30d5\u30a9\u30fc\u30e0\" novalidate=\"novalidate\" data-status=\"init\">\n<fieldset class=\"hidden-fields-container\"><input type=\"hidden\" name=\"_wpcf7\" value=\"22\" \/><input type=\"hidden\" name=\"_wpcf7_version\" value=\"6.1.5\" \/><input type=\"hidden\" name=\"_wpcf7_locale\" value=\"ja\" \/><input type=\"hidden\" name=\"_wpcf7_unit_tag\" value=\"wpcf7-f22-o1\" \/><input type=\"hidden\" name=\"_wpcf7_container_post\" value=\"0\" \/><input type=\"hidden\" name=\"_wpcf7_posted_data_hash\" value=\"\" \/>\n<\/fieldset>\n<table class=\"table table-bordered table-striped table-contactform7\">\n\t<tr>\n\t\t<th>\n\t\t\t<p><span class=\"title-contactform7\">\n\t\t\t\t\t<font color=\"#ff0000\">*\n\t\t\t\t\t<\/font>\u304a\u540d\u524d<\/span>\n\t\t\t<\/p>\n\t\t<\/th>\n\t\t<td>\n\t\t\t<p><span class=\"wpcf7-form-control-wrap\" data-name=\"your-name\"><input size=\"40\" maxlength=\"400\" class=\"wpcf7-form-control wpcf7-text wpcf7-validates-as-required\" aria-required=\"true\" aria-invalid=\"false\" placeholder=\"\u4f8b\uff1a\u5c71\u7530\u3000\u592a\u90ce\" value=\"\" type=\"text\" name=\"your-name\" \/><\/span>\n\t\t\t<\/p>\n\t\t<\/td>\n\t<\/tr>\n\t<tr>\n\t\t<th>\n\t\t\t<p><span class=\"title-contactform7\">\u65e7\u59d3<\/span>\n\t\t\t<\/p>\n\t\t<\/th>\n\t\t<td>\n\t\t\t<p><span class=\"wpcf7-form-control-wrap\" data-name=\"your-oldname\"><input size=\"40\" maxlength=\"400\" class=\"wpcf7-form-control wpcf7-text\" aria-invalid=\"false\" placeholder=\"\u4f8b\uff1a\u7530\u4e2d\" value=\"\" type=\"text\" name=\"your-oldname\" \/><\/span>\n\t\t\t<\/p>\n\t\t<\/td>\n\t<\/tr>\n\t<tr>\n\t\t<th>\n\t\t\t<p><span class=\"title-contactform7\">\n\t\t\t\t\t<font color=\"#ff0000\">*\n\t\t\t\t\t<\/font>\u30e1\u30fc\u30eb\u30a2\u30c9\u30ec\u30b9<\/span>\n\t\t\t<\/p>\n\t\t<\/th>\n\t\t<td>\n\t\t\t<p><span class=\"wpcf7-form-control-wrap\" data-name=\"your-email\"><input size=\"40\" maxlength=\"400\" class=\"wpcf7-form-control wpcf7-email wpcf7-validates-as-required wpcf7-text wpcf7-validates-as-email\" aria-required=\"true\" aria-invalid=\"false\" placeholder=\"\u4f8b\uff1a\u00d7\u00d7\u00d7@\u00d7\u00d7\u00d7.com\" value=\"\" type=\"email\" name=\"your-email\" \/><\/span><br \/>\n\t\t\t\t<font size=\"2\" color=\"#ff0000\">\u203b\u643a\u5e2f\u96fb\u8a71\u306e\u30c9\u30e1\u30a4\u30f3\u6307\u5b9a\u53d7\u4fe1\u3092\u3055\u308c\u3066\u3044\u308b\u65b9\u306f\u3001\u30e1\u30fc\u30eb\u3092\u53d7\u4fe1\u3067\u304d\u308b\u3088\u3046\n\u300cinfo@dhs-saikai.com\u300d\u306e\u30c9\u30e1\u30a4\u30f3\u6307\u5b9a\u89e3\u9664\u3092\u3054\u8a2d\u5b9a\u4e0b\u3055\u3044\u3002\n\t\t\t\t<\/font>\n\t\t\t<\/p>\n\t\t<\/td>\n\t<\/tr>\n\t<tr>\n\t\t<th>\n\t\t\t<p><span class=\"title-contactform7\">\n\t\t\t\t\t<font color=\"#ff0000\">*\n\t\t\t\t\t<\/font>\u6027\u5225<\/span>\n\t\t\t<\/p>\n\t\t<\/th>\n\t\t<td>\n\t\t\t<p><span class=\"wpcf7-form-control-wrap\" data-name=\"radio-492\"><span class=\"wpcf7-form-control wpcf7-radio\"><span class=\"wpcf7-list-item first\"><input type=\"radio\" name=\"radio-492\" value=\"\u7537\u6027\" \/><span class=\"wpcf7-list-item-label\">\u7537\u6027<\/span><\/span><span class=\"wpcf7-list-item last\"><input type=\"radio\" name=\"radio-492\" value=\"\u5973\u6027\" \/><span class=\"wpcf7-list-item-label\">\u5973\u6027<\/span><\/span><\/span><\/span>\n\t\t\t<\/p>\n\t\t<\/td>\n\t<\/tr>\n\t<tr>\n\t\t<th>\n\t\t\t<p><span class=\"title-contactform7\">\n\t\t\t\t\t<font color=\"#ff0000\">*\n\t\t\t\t\t<\/font>\u5e74\u9f62<\/span>\n\t\t\t<\/p>\n\t\t<\/th>\n\t\t<td>\n\t\t\t<p><span class=\"wpcf7-form-control-wrap\" data-name=\"old\"><input class=\"wpcf7-form-control wpcf7-number wpcf7-validates-as-required wpcf7-validates-as-number\" min=\"18\" max=\"53\" aria-required=\"true\" aria-invalid=\"false\" placeholder=\"18\" value=\"\" type=\"number\" name=\"old\" \/><\/span>\u6b73\n\t\t\t<\/p>\n\t\t<\/td>\n\t<\/tr>\n\t<tr>\n\t\t<th>\n\t\t\t<p><span class=\"title-contactform7\">\n\t\t\t\t\t<font color=\"#ff0000\">*\n\t\t\t\t\t<\/font>\u5352\u696d\u671f<\/span>\n\t\t\t<\/p>\n\t\t<\/th>\n\t\t<td>\n\t\t\t<p><span class=\"wpcf7-form-control-wrap\" data-name=\"menu-103\"><select class=\"wpcf7-form-control wpcf7-select wpcf7-validates-as-required\" aria-required=\"true\" aria-invalid=\"false\" name=\"menu-103\"><option value=\"\">&#8212;\u4ee5\u4e0b\u304b\u3089\u9078\u629e\u3057\u3066\u304f\u3060\u3055\u3044&#8212;<\/option><option value=\"1\">1<\/option><option value=\"2\">2<\/option><option value=\"3\">3<\/option><option value=\"4\">4<\/option><option value=\"5\">5<\/option><option value=\"6\">6<\/option><option value=\"7\">7<\/option><option value=\"8\">8<\/option><option value=\"9\">9<\/option><option value=\"10\">10<\/option><option value=\"11\">11<\/option><option value=\"12\">12<\/option><option value=\"13\">13<\/option><option value=\"14\">14<\/option><option value=\"15\">15<\/option><option value=\"16\">16<\/option><option value=\"17\">17<\/option><option value=\"18\">18<\/option><option value=\"19\">19<\/option><option value=\"20\">20<\/option><option value=\"21\">21<\/option><option value=\"22\">22<\/option><option value=\"23\">23<\/option><option value=\"24\">24<\/option><option value=\"25\">25<\/option><option value=\"26\">26<\/option><option value=\"27\">27<\/option><option value=\"28\">28<\/option><option value=\"29\">29<\/option><option value=\"30\">30<\/option><option value=\"31\">31<\/option><option value=\"32\">32<\/option><option value=\"33\">33<\/option><option value=\"34\">34<\/option><option value=\"35\">35<\/option><option value=\"36\">36<\/option><\/select><\/span>\u671f\n\t\t\t<\/p>\n\t\t<\/td>\n\t<\/tr>\n\t<tr>\n\t\t<th>\n\t\t\t<p><span class=\"title-contactform7\">\u90f5\u4fbf\u756a\u53f7<\/span>\n\t\t\t<\/p>\n\t\t<\/th>\n\t\t<td>\n\t\t\t<p><span class=\"wpcf7-form-control-wrap\" data-name=\"zip\"><input class=\"wpcf7-form-control wpcf7-number wpcf7-validates-as-number\" id=\"zip\" aria-invalid=\"false\" placeholder=\"\u4f8b) 8180122\u3000\u30cf\u30a4\u30d5\u30f3\u306a\u3057\" value=\"\" type=\"number\" name=\"zip\" \/><\/span>\n\t\t\t<\/p>\n\t\t<\/td>\n\t<\/tr>\n\t<tr>\n\t\t<th>\n\t\t\t<p><span class=\"title-contactform7\">\u90fd\u9053\u5e9c\u770c<\/span>\n\t\t\t<\/p>\n\t\t<\/th>\n\t\t<td>\n\t\t\t<p><span class=\"wpcf7-form-control-wrap\" data-name=\"pref\"><input size=\"40\" maxlength=\"400\" class=\"wpcf7-form-control wpcf7-text\" id=\"pref\" aria-invalid=\"false\" placeholder=\"\u4f8b) \u798f\u5ca1\u770c\" value=\"\" type=\"text\" name=\"pref\" \/><\/span>\n\t\t\t<\/p>\n\t\t<\/td>\n\t<\/tr>\n\t<tr>\n\t\t<th>\n\t\t\t<p><span class=\"title-contactform7\">\u5e02\u533a\u753a\u6751\u4ee5\u964d\u306e\u4f4f\u6240<\/span>\n\t\t\t<\/p>\n\t\t<\/th>\n\t\t<td>\n\t\t\t<p><span class=\"wpcf7-form-control-wrap\" data-name=\"city\"><input size=\"40\" maxlength=\"400\" class=\"wpcf7-form-control wpcf7-text\" id=\"city\" aria-invalid=\"false\" placeholder=\"\u4f8b) \u592a\u5bb0\u5e9c\u5e02\u9ad8\u96c43\u4e01\u76ee4114\u756a\u5730\" value=\"\" type=\"text\" name=\"city\" \/><\/span>\n\t\t\t<\/p>\n\t\t<\/td>\n\t<\/tr>\n\t<tr>\n\t\t<th>\n\t\t\t<p><span class=\"title-contactform7\">\u5efa\u7269\u30fb\u30de\u30f3\u30b7\u30e7\u30f3\u540d<\/span>\n\t\t\t<\/p>\n\t\t<\/th>\n\t\t<td>\n\t\t\t<p><span class=\"wpcf7-form-control-wrap\" data-name=\"text-293\"><input size=\"40\" maxlength=\"400\" class=\"wpcf7-form-control wpcf7-text\" aria-invalid=\"false\" placeholder=\"\u4f8b) \u5bb0\u4f1a\u30de\u30f3\u30b7\u30e7\u30f3000\u53f7\" value=\"\" type=\"text\" name=\"text-293\" \/><\/span>\n\t\t\t<\/p>\n\t\t<\/td>\n\t<\/tr>\n\t<tr>\n\t\t<th>\n\t\t\t<p><span class=\"title-contactform7\">\u3054\u8cea\u554f\u30fb\u3054\u5e0c\u671b\u7b49<\/span>\n\t\t\t<\/p>\n\t\t<\/th>\n\t\t<td class=\"message-300\">\n\t\t\t<p><span class=\"wpcf7-form-control-wrap\" data-name=\"your-message\"><textarea cols=\"40\" rows=\"10\" maxlength=\"2000\" class=\"wpcf7-form-control wpcf7-textarea\" id=\"your-message\" aria-invalid=\"false\" placeholder=\"\u304a\u6c17\u8efd\u306b\u304a\u5c0b\u306d\u4e0b\u3055\u3044\" name=\"your-message\"><\/textarea><\/span>\n\t\t\t<\/p>\n\t\t<\/td>\n\t<\/tr>\n<\/table>\n<p>\u30e1\u30c3\u30bb\u30fc\u30b8\u5185\u5bb9\u306f\u3053\u308c\u3067\u3088\u308d\u3057\u3044\u3067\u3057\u3087\u3046\u304b\uff1f\n<\/p>\n<p><span class=\"wpcf7-form-control-wrap\" data-name=\"acceptance-220\"><span class=\"wpcf7-form-control wpcf7-acceptance optional\"><span class=\"wpcf7-list-item\"><input type=\"checkbox\" name=\"acceptance-220\" value=\"1\" aria-invalid=\"false\" \/><\/span><\/span><\/span>OK\u3067\u3042\u308c\u3070\u30c1\u30a7\u30c3\u30af\u3092\u4ed8\u3051\u3066\u9001\u4fe1\u30dc\u30bf\u30f3\u3092\u62bc\u3057\u3066\u304f\u3060\u3055\u3044\u3002\n<\/p>\n<p><input class=\"wpcf7-form-control wpcf7-submit has-spinner\" type=\"submit\" value=\"\u9001\u4fe1\" \/>\n<\/p>\n<p>\u4e8b\u52d9\u9023\u7d61<br \/>\n\u672c\u540c\u7a93\u4f1a\u3092\u540d\u4e57\u308a\u3001\u73fe\u5728\u306e\u4f4f\u6240\u3001\u8077\u696d\u7b49\u3092\u8a2a\u306d\u308b\u96fb\u8a71\u3092\u53d7\u3051\u305f\u3068\u3044\u3046\u9023\u7d61\u304c\u76f8\u6b21\u3044\u3067\u3044\u307e\u3059\u3002\u305d\u306e\u5b9f\u4f53\u306f\u6c11\u9593\u306e\u540d\u7c3f\u696d\u8005\u3067\u3042\u308a\u3001\u672c\u4f1a\u3068\u306f\u4f55\u3089\u95a2\u4fc2\u3042\u308a\u307e\u305b\u3093\u3002\u672c\u4f1a\u306e\u73fe\u4f4f\u6240\u8abf\u67fb\u306e\u969b\u306f\u3001\u5fc5\u305a\u8449\u66f8\u306b\u3066\u3054\u9023\u7d61\u3044\u305f\u3057\u307e\u3059\u3002\n<\/p><div class=\"wpcf7-response-output\" aria-hidden=\"true\"><\/div>\n<\/form>\n<\/div>\n\n","protected":false},"excerpt":{"rendered":"<p>\u4f4f\u6240\u30fb\u9023\u7d61\u5148\u30fb\u82d7\u5b57\u306a\u3069\u304c\u5909\u66f4\u306b\u306a\u3063\u305f\u5834\u5408\u3001\u4ee5\u4e0b\u3088\u308a\u5165\u529b\u30d5\u30a9\u30fc\u30e0\u306b\u304a\u5165\u308a\u4e0b\u3055\u3044\u3002 \u3010\u6ce8\u610f\u4e8b\u9805\u3011 \u25cb\u5f53\u4f1a\u306f\u3001\u540c\u7a93\u751f\u306e\u500b\u4eba\u60c5\u5831\u306b\u304a\u304d\u307e\u3057\u3066\u500b\u4eba\u60c5\u5831\u4fdd\u8b77\u6cd5\u306e\u8da3\u65e8\u3092\u5c0a\u91cd\u3057\u305f\u4e0a\u3067\u3001\u500b\u4eba\u60c5\u5831\u306e\u4fdd\u8b77\u3092\u9075\u5b88\u3057\u3066\u304a\u308a\u307e\u3059\u3002 \u25cb\u5f53\u4f1a\u306f\u3001\u540c\u7a93\u751f [&hellip;]<\/p>\n","protected":false},"author":1,"featured_media":0,"parent":23,"menu_order":0,"comment_status":"closed","ping_status":"closed","template":"_g2\/page-onecolumn.php","meta":{"_acf_changed":false,"vkexunit_cta_each_option":"","footnotes":""},"class_list":["post-1029","page","type-page","status-publish","hentry"],"acf":[],"_links":{"self":[{"href":"https:\/\/dhs-saikai.com\/index.php?rest_route=\/wp\/v2\/pages\/1029","targetHints":{"allow":["GET"]}}],"collection":[{"href":"https:\/\/dhs-saikai.com\/index.php?rest_route=\/wp\/v2\/pages"}],"about":[{"href":"https:\/\/dhs-saikai.com\/index.php?rest_route=\/wp\/v2\/types\/page"}],"author":[{"embeddable":true,"href":"https:\/\/dhs-saikai.com\/index.php?rest_route=\/wp\/v2\/users\/1"}],"replies":[{"embeddable":true,"href":"https:\/\/dhs-saikai.com\/index.php?rest_route=%2Fwp%2Fv2%2Fcomments&post=1029"}],"version-history":[{"count":0,"href":"https:\/\/dhs-saikai.com\/index.php?rest_route=\/wp\/v2\/pages\/1029\/revisions"}],"up":[{"embeddable":true,"href":"https:\/\/dhs-saikai.com\/index.php?rest_route=\/wp\/v2\/pages\/23"}],"wp:attachment":[{"href":"https:\/\/dhs-saikai.com\/index.php?rest_route=%2Fwp%2Fv2%2Fmedia&parent=1029"}],"curies":[{"name":"wp","href":"https:\/\/api.w.org\/{rel}","templated":true}]}}